{"id":95,"date":"2017-11-24T07:57:29","date_gmt":"2017-11-24T09:57:29","guid":{"rendered":"http:\/\/localhost\/jlc.com.pt\/wordpress\/mesmerize\/"},"modified":"2025-10-13T18:07:55","modified_gmt":"2025-10-13T17:07:55","slug":"mesmerize","status":"publish","type":"page","link":"https:\/\/jlc.com.pt\/","title":{"rendered":"Front Page"},"content":{"rendered":"<div  id=\"about-1\" style=\"background-color: #f5fafd;\" data-label=\"About\" data-id=\"about-1\" data-export-id=\"about-1\" data-category=\"about\" class=\"about-1 content-section content-section-spacing\"> <div  class=\"gridContainer\"> <div  class=\"row text-center\"> <div  class=\"section-title-col\" data-type=\"column\">  <h2  class=\"\">Uma empresa dedicada a satisfa\u00e7\u00e3o total do cliente<\/h2> <p  class=\"lead\">Nossa empresa preocupasse na satisfa\u00e7\u00e3o total de nossos clientes.\n<br >Conhe\u00e7a-nos mais e surpreenda-se com os nossos servi\u00e7os.<\/p> <a  class=\"button color1\" href=\"https:\/\/jlc.com.pt?page_id=17\" target=\"_self\" data-cp-link=\"1\">SOBRE N\u00d3S<\/a> <\/div> <\/div> <div  class=\"row\"> <div  class=\"col-xs bottom-xs flexbox image-group-bottom-3-img space-bottom-xs center-xs\"> <img  decoding=\"async\" class=\"left-img shadow-large-black\" data-size=\"500x300\" src=\"https:\/\/jlc.com.pt\/wp-content\/uploads\/2017\/11\/cropped-jn-02-1.jpg\"> <img  decoding=\"async\" class=\"center-img shadow-large-black\" data-size=\"500x300\" src=\"https:\/\/jlc.com.pt\/wp-content\/uploads\/2017\/11\/cropped-jn-04-1.jpg\"> <img  decoding=\"async\" class=\"right-img shadow-large-black\" data-size=\"500x300\" src=\"https:\/\/jlc.com.pt\/wp-content\/uploads\/2017\/11\/cropped-jn-03-1.jpg\"> <\/div> <\/div> <\/div> <\/div><div  id=\"features-3\" style=\"background-color: rgb(255, 255, 255); background-image: none;\" data-label=\"Features\" data-id=\"features-12-card-bordered\" data-export-id=\"features-12-card-bordered\" data-category=\"features\" class=\"features-12-card-bordered content-section content-section-spacing \"> <div  class=\"gridContainer\"> <div  class=\"row text-center\"> <div  class=\"section-title-col\" data-type=\"column\"> <h2  class=\"\">Outsourcing de Equipa de Limpeza<\/h2> <p  class=\"lead\">Conhe\u00e7a nossas solu\u00e7\u00f5es em outsourcing de equipa de limpeza para a sua empresa e reduza os gastos em at\u00e9 40%!\n<\/p> <a  class=\"button blue\" href=\"https:\/\/jlc.com.pt?page_id=154\" target=\"_self\" data-cp-link=\"1\">Conhe\u00e7a mais<\/a><\/div> <\/div> <div  class=\"row spaced-cols\" data-type=\"row\">   <div  class=\"col-sm-6\"> <div  class=\"card row-card bordered y-move\"> <div  class=\"row\"> <div  class=\"col-sm-fit icon-column\"> <i  class=\"fa icon color2 fa-edit bordered round\"> <\/i> <\/div> <div  class=\"col-sm\" data-type=\"column\"> <h5  class=\"color2\">VANTAGENS<\/h5> <p  class=\"\">\u2022 Colaboradores treinados e capacitados;\n<br >\u2022 Conte com uma equipa de reposi\u00e7\u00e3o;\n<br >\u2022 Seguro de Acidente de Trabalho;\n<br >\u2022 Seguro de Respons\u00e1bilidade Civ\u00edl;<\/p> <\/div> <\/div> <\/div> <\/div><div  class=\"col-sm-6\"> <div  class=\"card row-card bordered y-move\"> <div  class=\"row\"> <div  class=\"col-sm-fit icon-column\"> <i  class=\"fa icon color2 fa-dollar bordered round\"> <\/i> <\/div> <div  class=\"col-sm\" data-type=\"column\"> <h5  class=\"color2\">ECON\u00d4MIA<\/h5> <p  class=\"\">\u2022 Sem gastos com ordenado e encargos;<br >\u2022 Sem gastos com produtos de limpeza;<br >\u2022 Sem gastos com materiais de limpeza;\n<br >\u2022 N\u00e3o gera estoque de produtos em sua empresa;<\/p> <\/div> <\/div> <\/div> <\/div>  <\/div> <\/div> <\/div><div  data-label=\"Cta\" data-id=\"cta-blue-section\" data-export-id=\"cta-blue-section\" data-category=\"cta\" class=\"cta-blue-section content-section content-section-spacing-medium bg-color1 white-text\" id=\"cta-1\"> <div  class=\"gridContainer\"> <div  class=\"row middle-xs\"> <div  class=\"col-sm-8 space-bottom-xs\" data-type=\"column\"> <h2  class=\"\"> Contacte-nos!&nbsp; <\/h2> <\/div> <div  class=\"col-sm-4 end-sm\" data-type=\"column\"> <a  class=\"button color2\" href=\"tel:+351252648067\" target=\"_self\" data-cp-link=\"1\"> 252 648 067 <\/a> <\/div> <\/div> <\/div> <\/div><div  id=\"portfolio-3\" style=\"background-color: rgb(245, 250, 253); background-image: none;\" data-label=\"Portfolio\" data-id=\"portfolio-4\" data-export-id=\"portfolio-4\" data-category=\"portfolio\" class=\"portfolio-4 content-section content-section-spacing-top\"> <div  class=\"\"> <div  class=\"row text-center\"> <div  class=\"section-title-col\" data-type=\"column\"> <h2  class=\"\"> Portfolio <\/h2> <p  class=\"lead\">Nosso portfolio foi pensado em auxiliar os nossos clientes em definir qual o melhor servi\u00e7o a ser realizado em: Empresa, Moradia, Industria, Condominio e etc.<\/p> <\/div> <\/div> <div  data-type=\"row\" class=\"row\"> <div  class=\"col-xs-12 col-sm-3 no-gutter-col\"> <div  class=\"contentswap-effect\" data-hover-fx=\"portfolio-4\"> <div  class=\"initial-image\"> <img  decoding=\"async\" data-size=\"542x360\" src=\"https:\/\/jlc.com.pt\/wp-content\/uploads\/2017\/11\/in-01.png\"> <\/div> <div  class=\"overlay bg-color1\"><\/div> <div  class=\"swap-inner col-xs-12\"> <div  class=\"row full-height-row middle-xs middle-sm\"> <div  class=\"col-xs-12 text-center content-holder\"> <a  href=\"https:\/\/jlc.com.pt?page_id=41\" target=\"_self\"><i  class=\"fa icon portfolio-icon fa-search big\" aria-hidden=\"true\"><\/i><\/a> <\/div> <\/div> <\/div> <\/div> <\/div> <div  class=\"col-xs-12 col-sm-3 no-gutter-col\"> <div  class=\"contentswap-effect\" data-hover-fx=\"portfolio-4\"> <div  class=\"initial-image\"> <img  decoding=\"async\" data-size=\"542x360\" src=\"https:\/\/jlc.com.pt\/wp-content\/uploads\/2017\/11\/cropped-in-04.jpg\"> <\/div> <div  class=\"overlay bg-color1\"><\/div> <div  class=\"swap-inner col-xs-12\"> <div  class=\"row full-height-row middle-xs middle-sm\"> <div  class=\"col-xs-12 text-center content-holder\"> <a  href=\"https:\/\/jlc.com.pt?page_id=41\" target=\"_self\"><i  class=\"fa icon portfolio-icon fa-search big\" aria-hidden=\"true\"><\/i><\/a> <\/div> <\/div> <\/div> <\/div> <\/div> <div  class=\"col-xs-12 col-sm-3 no-gutter-col\"> <div  class=\"contentswap-effect\" data-hover-fx=\"portfolio-4\"> <div  class=\"initial-image\"> <img  decoding=\"async\" data-size=\"542x360\" src=\"https:\/\/jlc.com.pt\/wp-content\/uploads\/2017\/11\/cropped-in-03.jpg\"> <\/div> <div  class=\"overlay bg-color1\"><\/div> <div  class=\"swap-inner col-xs-12\"> <div  class=\"row full-height-row middle-xs middle-sm\"> <div  class=\"col-xs-12 text-center content-holder\"> <a  href=\"https:\/\/jlc.com.pt?page_id=41\" target=\"_self\"><i  class=\"fa icon portfolio-icon fa-search big\" aria-hidden=\"true\"><\/i><\/a> <\/div> <\/div> <\/div> <\/div> <\/div>  <div  class=\"col-xs-12 col-sm-3 no-gutter-col\"> <div  class=\"contentswap-effect\" data-hover-fx=\"portfolio-4\"> <div  class=\"initial-image\"> <img  decoding=\"async\" data-size=\"542x360\" src=\"https:\/\/jlc.com.pt\/wp-content\/uploads\/2017\/11\/cropped-dm-14.jpg\"> <\/div> <div  class=\"overlay bg-color1\"><\/div> <div  class=\"swap-inner col-xs-12\"> <div  class=\"row full-height-row middle-xs middle-sm\"> <div  class=\"col-xs-12 text-center content-holder\"> <a  href=\"https:\/\/jlc.com.pt?page_id=41\" target=\"_self\"><i  class=\"fa icon portfolio-icon fa-search big\" aria-hidden=\"true\"><\/i><\/a> <\/div> <\/div> <\/div> <\/div> <\/div> <div  class=\"col-xs-12 col-sm-3 no-gutter-col\"> <div  class=\"contentswap-effect\" data-hover-fx=\"portfolio-4\"> <div  class=\"initial-image\"> <img  decoding=\"async\" data-size=\"542x360\" src=\"https:\/\/jlc.com.pt\/wp-content\/uploads\/2017\/11\/cropped-dm-10.jpg\"> <\/div> <div  class=\"overlay bg-color1\"><\/div> <div  class=\"swap-inner col-xs-12\"> <div  class=\"row full-height-row middle-xs middle-sm\"> <div  class=\"col-xs-12 text-center content-holder\"> <a  href=\"https:\/\/jlc.com.pt?page_id=41\" target=\"_self\"><i  class=\"fa icon portfolio-icon fa-search big\" aria-hidden=\"true\"><\/i><\/a> <\/div> <\/div> <\/div> <\/div> <\/div> <div  class=\"col-xs-12 col-sm-3 no-gutter-col\"> <div  class=\"contentswap-effect\" data-hover-fx=\"portfolio-4\"> <div  class=\"initial-image\"> <img  decoding=\"async\" data-size=\"542x360\" src=\"https:\/\/jlc.com.pt\/wp-content\/uploads\/2017\/11\/cropped-in-08.jpg\"> <\/div> <div  class=\"overlay bg-color1\"><\/div> <div  class=\"swap-inner col-xs-12\"> <div  class=\"row full-height-row middle-xs middle-sm\"> <div  class=\"col-xs-12 text-center content-holder\"> <a  href=\"https:\/\/jlc.com.pt?page_id=41\" target=\"_self\"><i  class=\"fa icon portfolio-icon fa-search big\" aria-hidden=\"true\"><\/i><\/a> <\/div> <\/div> <\/div> <\/div> <\/div> <div  class=\"col-xs-12 col-sm-3 no-gutter-col\"> <div  class=\"contentswap-effect\" data-hover-fx=\"portfolio-4\"> <div  class=\"initial-image\"> <img  decoding=\"async\" data-size=\"542x360\" src=\"https:\/\/jlc.com.pt\/wp-content\/uploads\/2017\/11\/cropped-jn-04.jpg\"> <\/div> <div  class=\"overlay bg-color1\"><\/div> <div  class=\"swap-inner col-xs-12\"> <div  class=\"row full-height-row middle-xs middle-sm\"> <div  class=\"col-xs-12 text-center content-holder\"> <a  href=\"https:\/\/jlc.com.pt?page_id=41\" target=\"_self\"><i  class=\"fa icon portfolio-icon fa-search big\" aria-hidden=\"true\"><\/i><\/a> <\/div> <\/div> <\/div> <\/div> <\/div> <div  class=\"col-xs-12 col-sm-3 no-gutter-col\"> <div  class=\"contentswap-effect\" data-hover-fx=\"portfolio-4\"> <div  class=\"initial-image\"> <img  decoding=\"async\" data-size=\"542x360\" src=\"https:\/\/jlc.com.pt\/wp-content\/uploads\/2017\/11\/cropped-dm-12.jpg\"> <\/div> <div  class=\"overlay bg-color1\"><\/div> <div  class=\"swap-inner col-xs-12\"> <div  class=\"row full-height-row middle-xs middle-sm\"> <div  class=\"col-xs-12 text-center content-holder\"> <a  href=\"https:\/\/jlc.com.pt?page_id=41\" target=\"_self\"><i  class=\"fa icon portfolio-icon fa-search big\" aria-hidden=\"true\"><\/i><\/a> <\/div> <\/div> <\/div> <\/div> <\/div><\/div> <\/div> <\/div><div  id=\"testimonials-5\" style=\"background-color: rgb(255, 255, 255); background-image: none;\" data-label=\"Testimonials\" data-id=\"testimonials-5\" data-export-id=\"testimonials-5\" data-category=\"testimonials\" class=\"testimonials-5 content-section content-section-spacing\"> <div  class=\"gridContainer\"> <div  class=\"row\"> <div  data-type=\"column\" class=\"section-title-col\"> <h2  class=\"\">Testemunhos de nossos clientes\n<\/h2> <p  class=\"lead\">N\u00e3o tome a nossa palavra para isso \u2013 aqui est\u00e1 o que os nossos clientes dizem:<\/p> <\/div> <\/div> <div  class=\"row spaced-cols content-center-sm\" data-type=\"row\"> <div  class=\"col-sm-4\"> <div  class=\"card y-move bordered\" data-type=\"column\"> <i  class=\"fa fa-quote-right icon color1 small\"><\/i> <p  class=\"text-center\">Excelente adorei o vosso servi\u00e7o! <br >Muito profissionais e perfeitos naquilo que est\u00e3o a fazer . O meu p\u00e1tio ficou a brilhar . Recomendo obrigada!!!<\/p>  <h6  class=\"\">Sandra\n<\/h6>  <\/div> <\/div> <div  class=\"col-sm-4\"> <div  class=\"card y-move bordered\" data-type=\"column\"> <i  class=\"fa fa-quote-right icon color1 small\"><\/i> <p  class=\"text-center\">Excelente empresa, com fant\u00e1sticas pessoas.<br >J\u00e1 efetuaram v\u00e1rios servi\u00e7os na minha casa, sempre com muita qualidade e profissionalismo.<br >Os colaboradores s\u00e3o extramamente educados e cuidadosos.<\/p>  <h6  class=\"\">Elisabete<\/h6>  <\/div> <\/div> <div  class=\"col-sm-4\"> <div  class=\"card y-move bordered\" data-type=\"column\"> <i  class=\"fa fa-quote-right icon color1 small\"><\/i> <p  class=\"text-center\">Recomendo !!\n<br ><br >Uma empresa bastante acess\u00edvel \u00e9 com funcion\u00e1rios excelentes.<br >Parab\u00e9ns !!<\/p>  <h6  class=\"\">Isabel<\/h6>  <\/div> <\/div> <\/div> <\/div> <\/div><div  id=\"latest-news-1\" style=\"background-color: #f5fafd;\" data-label=\"Latest-news\" data-id=\"blog-section\" data-export-id=\"blog-section\" data-category=\"latest_news\" class=\"blog-section content-section content-section-spacing\"> <div  class=\"gridContainer\"> <div  class=\"row\"> <div  data-type=\"column\" class=\"section-title-col\"> <h2  class=\"\">Nossas Noticias<\/h2> <p  class=\"lead\">Pensando no cliente, nosso site possu\u00ed uma se\u00e7\u00e3o de noticias, informa\u00e7\u00f5es detalhadas sobres os nossos servi\u00e7os e dicas de como proceder ap\u00f3s nossa interven\u00e7\u00e3o!<\/p> <\/div> <\/div> <div  class=\"row\"> <div  data-type=\"row\" data-dynamic-columns=\"handled\" data-content-shortcode=\"mesmerize_latest_news\">\t\t<div class=\"row center-sm content-left-sm\">\n\t\t\t\t\t<div id=\"post-303\" class=\"col-sm-6 col-md-4 space-bottom space-bottom-xs\">\n\t\t\t\t<div class=\"post-content card y-move bordered\">\n\t\t\t\t\t<div class=\"post-thumbnail\">\n   <a href=\"https:\/\/jlc.com.pt\/?p=303\" class=\"post-list-item-thumb \">\n      <img fetchpriority=\"high\" decoding=\"async\" width=\"1024\" height=\"768\" src=\"https:\/\/jlc.com.pt\/wp-content\/uploads\/2018\/04\/manuten\u00e7\u00e3o_garagem-1024x768.jpg\" class=\"attachment-post-thumbnail size-post-thumbnail wp-post-image\" alt=\"\" srcset=\"https:\/\/jlc.com.pt\/wp-content\/uploads\/2018\/04\/manuten\u00e7\u00e3o_garagem.jpg 1024w, https:\/\/jlc.com.pt\/wp-content\/uploads\/2018\/04\/manuten\u00e7\u00e3o_garagem-300x225.jpg 300w, https:\/\/jlc.com.pt\/wp-content\/uploads\/2018\/04\/manuten\u00e7\u00e3o_garagem-768x576.jpg 768w\" sizes=\"(max-width: 1024px) 100vw, 1024px\" \/>   <\/a>\n<\/div>\n\t\t\t\t\t<div class=\"col-padding col-padding-xs\">\n\t\t\t\t\t\t<h3 class=\"post-title space-bottom-small\">\n\t\t\t\t\t\t\t<a href=\"https:\/\/jlc.com.pt\/?p=303\" rel=\"bookmark\">\n\t\t\t\t\t\t\t\tManuten\u00e7\u00e3o anual de garagem\t\t\t\t\t\t\t<\/a>\n\t\t\t\t\t\t<\/h3>\n\t\t\t\t\t\t<p>As garagens por muitas vezes est\u00e3o abaixo do pr\u00e9dio, local este com pouca luminosidade solar que proporcionam com maior facilidade a cria\u00e7\u00e3o e propaga\u00e7\u00e3o de fungos, poeiras e teias de[&hellip;]<\/p>\n\t\t\t\t\t\t<a class=\"read-more link\" href=\"https:\/\/jlc.com.pt\/?p=303\">\n\t\t\t\t\t\t\tRead more\t\t\t\t\t\t<\/a>\n\t\t\t\t\t<\/div>\n\t\t\t\t<\/div>\n\t\t\t<\/div>\n\t\t\t\t\t\t<div id=\"post-300\" class=\"col-sm-6 col-md-4 space-bottom space-bottom-xs\">\n\t\t\t\t<div class=\"post-content card y-move bordered\">\n\t\t\t\t\t<div class=\"post-thumbnail\">\n   <a href=\"https:\/\/jlc.com.pt\/?p=300\" class=\"post-list-item-thumb \">\n      <img decoding=\"async\" width=\"542\" height=\"360\" src=\"https:\/\/jlc.com.pt\/wp-content\/uploads\/2017\/11\/cropped-dm-14.jpg\" class=\"attachment-post-thumbnail size-post-thumbnail wp-post-image\" alt=\"\" srcset=\"https:\/\/jlc.com.pt\/wp-content\/uploads\/2017\/11\/cropped-dm-14.jpg 542w, https:\/\/jlc.com.pt\/wp-content\/uploads\/2017\/11\/cropped-dm-14-300x199.jpg 300w\" sizes=\"(max-width: 542px) 100vw, 542px\" \/>   <\/a>\n<\/div>\n\t\t\t\t\t<div class=\"col-padding col-padding-xs\">\n\t\t\t\t\t\t<h3 class=\"post-title space-bottom-small\">\n\t\t\t\t\t\t\t<a href=\"https:\/\/jlc.com.pt\/?p=300\" rel=\"bookmark\">\n\t\t\t\t\t\t\t\tLimpeza de Condom\u00ednio\t\t\t\t\t\t\t<\/a>\n\t\t\t\t\t\t<\/h3>\n\t\t\t\t\t\t<p>A preserva\u00e7\u00e3o e conserva\u00e7\u00e3o das \u00e1reas comuns de um condom\u00ednio proporcionam n\u00e3o s\u00f3 aos moradores mas tamb\u00e9m aos visitantes o bem-estar de um ambiente limpo e a integridade da sa\u00fade[&hellip;]<\/p>\n\t\t\t\t\t\t<a class=\"read-more link\" href=\"https:\/\/jlc.com.pt\/?p=300\">\n\t\t\t\t\t\t\tRead more\t\t\t\t\t\t<\/a>\n\t\t\t\t\t<\/div>\n\t\t\t\t<\/div>\n\t\t\t<\/div>\n\t\t\t\t\t\t<div id=\"post-293\" class=\"col-sm-6 col-md-4 space-bottom space-bottom-xs\">\n\t\t\t\t<div class=\"post-content card y-move bordered\">\n\t\t\t\t\t<div class=\"post-thumbnail\">\n   <a href=\"https:\/\/jlc.com.pt\/?p=293\" class=\"post-list-item-thumb \">\n      <img decoding=\"async\" width=\"800\" height=\"600\" src=\"https:\/\/jlc.com.pt\/wp-content\/uploads\/2018\/03\/img_primavera.png\" class=\"attachment-post-thumbnail size-post-thumbnail wp-post-image\" alt=\"\" srcset=\"https:\/\/jlc.com.pt\/wp-content\/uploads\/2018\/03\/img_primavera.png 800w, https:\/\/jlc.com.pt\/wp-content\/uploads\/2018\/03\/img_primavera-300x225.png 300w, https:\/\/jlc.com.pt\/wp-content\/uploads\/2018\/03\/img_primavera-768x576.png 768w\" sizes=\"(max-width: 800px) 100vw, 800px\" \/>   <\/a>\n<\/div>\n\t\t\t\t\t<div class=\"col-padding col-padding-xs\">\n\t\t\t\t\t\t<h3 class=\"post-title space-bottom-small\">\n\t\t\t\t\t\t\t<a href=\"https:\/\/jlc.com.pt\/?p=293\" rel=\"bookmark\">\n\t\t\t\t\t\t\t\tLimpeza de Primavera\t\t\t\t\t\t\t<\/a>\n\t\t\t\t\t\t<\/h3>\n\t\t\t\t\t\t<p>A Primavera \u00e9 tempo de renova\u00e7\u00e3o: da Natureza, das cores, do clima,\u00a0da decora\u00e7\u00e3o da casa e at\u00e9 da roupa que vestimos. \u00c9 a altura do ano\u00a0em que se fazem as[&hellip;]<\/p>\n\t\t\t\t\t\t<a class=\"read-more link\" href=\"https:\/\/jlc.com.pt\/?p=293\">\n\t\t\t\t\t\t\tRead more\t\t\t\t\t\t<\/a>\n\t\t\t\t\t<\/div>\n\t\t\t\t<\/div>\n\t\t\t<\/div>\n\t\t\t\t<\/div>\n\t<\/div> <\/div> <div  class=\"row\"> <div  class=\"text-center\"> <a  class=\"button color1\" data-attr-shortcode=\"href:mesmerize_blog_link\" href=\"https:\/\/jlc.com.pt\/?page_id=19\" target=\"_self\">VEJA MAIS EM NOSSO BLOG<\/a> <\/div> <\/div> <\/div><\/div><div  id=\"contact-1\" data-label=\"Contact\" data-id=\"contact-1\" data-export-id=\"contact-1\" data-category=\"contact\" class=\"contact-1 content-section content-section-spacing white-text\" data-parallax-depth=\"20\" style=\"background-image: url(&quot;https:\/\/jlc.com.pt\/wp-content\/uploads\/2017\/11\/dm-12.jpg&quot;); background-size: cover; background-position: center top;\"> <div  class=\"gridContainer\"> <div  class=\"row text-center\"> <div  class=\"section-title-col\" data-type=\"column\">  <h2  class=\"\">\u00c0 sua medida<\/h2><p  class=\"lead\">Aten\u00e7\u00e3o \u00e0 disponibilidade do Cliente.<br >Como cada Cliente tem hor\u00e1rios diferentes, trabalhamos de acordo com a sua disponibilidade.<\/p> <\/div> <\/div> <div  class=\"row text-center\"> <div  class=\"col-xs-12 col-sm-8 col-sm-offset-2 contact-form-wrapper inline-info\"> <div  class=\"card large-padding\"> <div  class=\"\" data-content-shortcode=\"mesmerize_contact_form shortcode=&quot;contact-form-7 id=&amp;amp;quot;75&amp;amp;quot; title=&amp;amp;quot;Formul\u00e1rio de contato 1&amp;amp;quot;&quot;\" data-editable=\"true\">\n<div class=\"wpcf7 no-js\" id=\"wpcf7-f75-o1\" lang=\"pt-BR\" dir=\"ltr\" data-wpcf7-id=\"75\">\n<div class=\"screen-reader-response\"><p role=\"status\" aria-live=\"polite\" aria-atomic=\"true\"><\/p> <ul><\/ul><\/div>\n<form action=\"\/index.php?rest_route=%2Fwp%2Fv2%2Fpages%2F95#wpcf7-f75-o1\" method=\"post\" class=\"wpcf7-form init\" aria-label=\"Formul\u00e1rios de contato\" novalidate=\"novalidate\" data-status=\"init\">\n<fieldset class=\"hidden-fields-container\"><input type=\"hidden\" name=\"_wpcf7\" value=\"75\" \/><input type=\"hidden\" name=\"_wpcf7_version\" value=\"6.1.2\" \/><input type=\"hidden\" name=\"_wpcf7_locale\" value=\"pt_BR\" \/><input type=\"hidden\" name=\"_wpcf7_unit_tag\" value=\"wpcf7-f75-o1\" \/><input type=\"hidden\" name=\"_wpcf7_container_post\" value=\"0\" \/><input type=\"hidden\" name=\"_wpcf7_posted_data_hash\" value=\"\" \/>\n<\/fieldset>\n<p><label> Seu nome (obrigat\u00f3rio)<br \/>\n<span class=\"wpcf7-form-control-wrap\" data-name=\"your-name\"><input size=\"40\" maxlength=\"400\" class=\"wpcf7-form-control wpcf7-text wpcf7-validates-as-required\" aria-required=\"true\" aria-invalid=\"false\" value=\"\" type=\"text\" name=\"your-name\" \/><\/span> <\/label>\n<\/p>\n<p><label> Seu e-mail (obrigat\u00f3rio)<br \/>\n<span class=\"wpcf7-form-control-wrap\" data-name=\"your-email\"><input size=\"40\" maxlength=\"400\" class=\"wpcf7-form-control wpcf7-email wpcf7-validates-as-required wpcf7-text wpcf7-validates-as-email\" aria-required=\"true\" aria-invalid=\"false\" value=\"\" type=\"email\" name=\"your-email\" \/><\/span> <\/label>\n<\/p>\n<p><label> Assunto<br \/>\n<span class=\"wpcf7-form-control-wrap\" data-name=\"your-subject\"><input size=\"40\" maxlength=\"400\" class=\"wpcf7-form-control wpcf7-text\" aria-invalid=\"false\" value=\"\" type=\"text\" name=\"your-subject\" \/><\/span> <\/label>\n<\/p>\n<p><label> Sua mensagem<br \/>\n<span class=\"wpcf7-form-control-wrap\" data-name=\"your-message\"><textarea cols=\"40\" rows=\"10\" maxlength=\"2000\" class=\"wpcf7-form-control wpcf7-textarea\" aria-invalid=\"false\" name=\"your-message\"><\/textarea><\/span> <\/label>\n<\/p>\n<p><input class=\"wpcf7-form-control wpcf7-submit has-spinner\" type=\"submit\" value=\"Enviar\" \/>\n<\/p><div class=\"wpcf7-response-output\" aria-hidden=\"true\"><\/div>\n<\/form>\n<\/div>\n<\/div> <\/div> <\/div> <\/div> <\/div> <\/div><!-- Created with Elementor -->","protected":false},"excerpt":{"rendered":"<p>Uma empresa dedicada a satisfa\u00e7\u00e3o total do cliente Nossa empresa preocupasse na satisfa\u00e7\u00e3o total de nossos clientes. Conhe\u00e7a-nos mais e surpreenda-se com os nossos servi\u00e7os. SOBRE N\u00d3S Outsourcing de Equipa de Limpeza Conhe\u00e7a nossas solu\u00e7\u00f5es em outsourcing de equipa de limpeza para a sua empresa e reduza os gastos em at\u00e9 40%! Conhe\u00e7a mais VANTAGENS&hellip; <br \/> <a class=\"read-more\" href=\"https:\/\/jlc.com.pt\/?p=293\">Read more<\/a><\/p>\n","protected":false},"author":3,"featured_media":0,"parent":0,"menu_order":0,"comment_status":"closed","ping_status":"closed","template":"page-templates\/homepage.php","meta":{"footnotes":""},"class_list":["post-95","page","type-page","status-publish","hentry"],"_links":{"self":[{"href":"https:\/\/jlc.com.pt\/index.php?rest_route=\/wp\/v2\/pages\/95","targetHints":{"allow":["GET"]}}],"collection":[{"href":"https:\/\/jlc.com.pt\/index.php?rest_route=\/wp\/v2\/pages"}],"about":[{"href":"https:\/\/jlc.com.pt\/index.php?rest_route=\/wp\/v2\/types\/page"}],"author":[{"embeddable":true,"href":"https:\/\/jlc.com.pt\/index.php?rest_route=\/wp\/v2\/users\/3"}],"replies":[{"embeddable":true,"href":"https:\/\/jlc.com.pt\/index.php?rest_route=%2Fwp%2Fv2%2Fcomments&post=95"}],"version-history":[{"count":52,"href":"https:\/\/jlc.com.pt\/index.php?rest_route=\/wp\/v2\/pages\/95\/revisions"}],"predecessor-version":[{"id":336,"href":"https:\/\/jlc.com.pt\/index.php?rest_route=\/wp\/v2\/pages\/95\/revisions\/336"}],"wp:attachment":[{"href":"https:\/\/jlc.com.pt\/index.php?rest_route=%2Fwp%2Fv2%2Fmedia&parent=95"}],"curies":[{"name":"wp","href":"https:\/\/api.w.org\/{rel}","templated":true}]}}